Let l be (-3)/(-1)*2/3. What is the units digit of y(l)?
3
Let l(k) = -k**3 - 4*k**2 + 3*k - 6. Let c be l(-5). Suppose -m + 0*f = 3*f + 1, -c*f = -2*m + 48. Suppose -j - j = -m. What is the units digit of j?
7
Suppose -20 = -2*l - 2*l. Suppose -l*k - 4*z + 12 + 70 = 0, -2*k + 3*z + 19 = 0. What is the tens digit of k?
1
Suppose 0 = 4*t + 10 - 138. What is the units digit of t?
2
Let l(b) = -b - 2. Let r be l(-7). What is the units digit of (9/r)/(9/45)?
9
Let n(t) = -t**3 + 5*t - 3. Let f be n(3). Let l = 21 + f. What is the units digit of l/(-3) + 2 + 7?
7
Let c(n) = n**3 + 4*n**2 + n + 4. Let k be -6 - (-2 - (3 - 2)). What is the units digit of c(k)?
0
Let k = -11 + 26. What is the tens digit of ((-63)/(-15))/(3/k)?
2
Suppose 3*b - 5*b = -6. Suppose f = b*i - 5, 4*f + 6 = i + 4*i. What is the units digit of f?
1
Let y = 6 + 19. Suppose -4*m - y = m. What is the tens digit of m/(5/(-2)) + 12?
1
Let s(p) = -p**2 - 10*p + 45. What is the units digit of s(-13)?
6
Let b be (12/6)/((-2)/(-6)). Suppose -200 = -b*y + y. What is the units digit of y?
0
Let m(b) = -b**3 - 7*b**2 - 2*b - 10. What is the units digit of m(-7)?
4
Suppose 0 = 5*b - 3*b + 6. What is the tens digit of (-79)/(-3) + b/9?
2
Suppose 0 = -0*r + 2*r - 248. What is the hundreds digit of r?
1
Let l(i) be the third derivative of i**6/60 - i**5/20 + i**4/12 + i**3/6 + 4*i**2. What is the units digit of l(2)?
9
Suppose 0 = 8*v - 3*v. What is the units digit of v - -1 - (-108)/3?
7
Let f(j) = 3*j**3 + 5*j**2 - 3*j + 9. Let l(z) = -16*z**3 - 26*z**2 + 15*z - 46. Let w(g) = -11*f(g) - 2*l(g). What is the units digit of w(-5)?
8
Let k = 3 + -8. Let n = k - -9. What is the units digit of n/(-3)*(-3 - 3)?
8
Let n = 42 - -217. What is the hundreds digit of n?
2
Let y be -14*(2 + 0)/4. Let k = 4 - 2. What is the units digit of y*(k + -3)*1?
7
Let o(f) = f + 5. Let d be o(-7). Let t = 2 - d. Suppose 0 = -3*k + t + 2. What is the units digit of k?
2
Suppose a - 3*d + 0*d = -6, 0 = -4*a - 4*d + 8. Let t = 1 - 1. Suppose -5*h + 4*i + 61 = t, 0 = -a*i - i - 4. What is the units digit of h?
9
Suppose 0 = -g - 0*g + 15. Suppose 90 = -5*v - g. Let f = v + 31. What is the tens digit of f?
1
Let w = -5 - -9. Suppose 4*x + 0 = 12. Suppose x*k + w*y + 2 = 0, 2*k + 3*y = 6*k - 14. What is the units digit of k?
2
Let d(j) = -j**2 - 3*j + 2. Let y be d(-3). Suppose y*k + 5*h = 3*k - 9, 4*h - 32 = -2*k. What is the units digit of k?
4
Suppose 3*v - 3*h = 135, 5*h = 4*v + 3*h - 184. What is the tens digit of v?
4
Let d(x) = x**3 - 8*x**2 + x + 8. What is the tens digit of d(8)?
1
Suppose 2*g + 2*j - 8 = 0, -j - 10 = -5*g + 4*j. Let k(x) = 7*x. What is the tens digit of k(g)?
2
Suppose 5*f - 35 = -q, -2*f - 2*q + 7*q = -14. Suppose -f = -j + 2*a - 1, -2*a = -8. What is the tens digit of j?
1
Let i(u) = -8*u + 9. What is the tens digit of i(-13)?
1
Let m = 194 - -132. What is the hundreds digit of m?
3
Suppose i + 2*i = -4*r + 95, 2*i = 2*r + 54. What is the tens digit of i?
2
Let d be (2/4)/((-3)/(-6)). Let y be (-4 - d)*2/(-5). Suppose -3*c = -3*r - 18, 2*c + y*c - 22 = 3*r. What is the units digit of c?
4
Let g be 5/((-10)/4) - -7. Let k(l) = -l**3 - 7*l**2 - 5*l + 8. Let v be k(-6). Suppose -4*c + 32 = g*o - o, 4*c = -v*o + 26. What is the units digit of c?
5
Let i be 4 + -1 - 114/(-1). Suppose 43 = -2*n + i. What is the units digit of n?
7
Let c be (-33)/(-9) - (-1)/3. Suppose 0 = -4*t + 3*w + w + 20, c*t = -5*w + 47. What is the units digit of t?
8
Suppose 0*o + 5*o + 23 = 4*s, 0 = -3*s + 3*o + 15. Suppose 0 = m - 4*p + 9, s*p + 7 = 2*m + 1. What is the units digit of m?
7
Let b(o) = -o**3 + 4*o**2 + 6*o + 6. Let w(s) = -s**3 - 4*s**2 - 2*s - 3. Let i be w(-4). What is the units digit of b(i)?
1
Suppose 5*l - 46 = -3*u, -3*u = 2*u - 3*l - 20. Let x = -6 + 4. Let b = x + u. What is the units digit of b?
5
Let z = 8 + -5. Suppose -3*k + z = -3. Suppose 4*t - 25 = 3*y, 4*y + 16 = -k*t + 3*t. What is the units digit of t?
4
Let p(d) = -7*d - 20. What is the tens digit of p(-6)?
2
Suppose -20 = 5*u, 173 = 3*d - 2*u + 3*u. Suppose 3*s = 5*a - 49, d = 5*a - 0*s + 2*s. What is the tens digit of a?
1
Let h = 3 + -4. What is the units digit of (1*-2)/(h/4)?
8
Let z be -3 - -9 - 0/(-3). Let i be 4/z*3/(-1). What is the units digit of ((-2)/(-8) - i)*4?
9
Let u = 298 - 25. What is the tens digit of u?
7
Suppose -2*d + 5*d + q - 155 = 0, 2*q = d - 61. What is the tens digit of d?
5
Let j(x) = 15*x**2 + 2*x + 1. Let f(h) = h**2 + 6*h + 3. Let v be f(-5). Let n be 9/(-15) + v/5. What is the units digit of j(n)?
4
Let p = -638 - -916. What is the tens digit of p?
7
Let y = 22 - 16. Let p(u) = 2*u - 8. Let f be p(y). Suppose -13 = -f*l - 1. What is the units digit of l?
3
What is the hundreds digit of (-2)/(-4)*-45*56/(-10)?
1
Suppose -5*u + 10 = 0, -u = -s - s - 56. Suppose -2*q + 3*b + 17 - 40 = 0, -3*q = -2*b + 27. Let l = q - s. What is the units digit of l?
0
Let m(b) = -3*b - 3. Let u be m(3). What is the units digit of (-2)/u*-4*-6?
4
Let v(a) = -a**3 - 9*a**2 - 9*a + 1. What is the units digit of v(-8)?
9
Let j = -17 - -28. Suppose j = y + 4. What is the units digit of y?
7
Suppose 7 = 4*t - 1. Let z(x) = -5*x + 0*x**t - 2*x**2 + 4 + 3*x**2. What is the units digit of z(7)?
8
What is the tens digit of (8/6)/((-2)/(-21))?
1
Let n = -11 - -17. What is the units digit of n?
6
Let b(r) be the second derivative of -7*r**5/20 - r**4/6 + r**3/3 + r**2 - 9*r. What is the tens digit of b(-2)?
4
Let q(y) = y**3 + 4*y**2 + 2*y - 1. Let b be q(-3). Suppose 0 = -b*r + 4*r. Suppose -m + 4 + 3 = r. What is the units digit of m?
7
Let h be (-2)/1 - 3/(-1). Let v = 2 - h. What is the units digit of v?
1
Let u = -21 - -9. Let n = 17 - u. What is the units digit of n?
9
Let f = -3 + 6. Suppose 69 - f = 3*z. What is the units digit of z/3 - (-3)/(-9)?
7
Suppose 18 = 3*u + 3. Suppose -u*v + 28 = -3*v. What is the units digit of v?
4
Let g(q) = 3*q**2 + 10*q - 11. Let y = -2 - -3. Let m(h) = -h**2 + 1. Let v(f) = y*g(f) + 4*m(f). What is the units digit of v(9)?
2
Suppose 7 + 25 = 4*n. Let t be (-4)/10 + n/20. Suppose 4*b + 3*u = 18, -5*b + 3*u - 6*u + 24 = t. What is the units digit of b?
6
Let y(u) = u - 13. Let i be y(9). Let g = 14 + i. What is the tens digit of g?
1
Suppose 4*t - 3*r + 7*r - 292 = 0, -2*t + 4*r + 170 = 0. What is the units digit of t?
7
Let o(x) = 146*x**3 + x**2 + x - 1. What is the tens digit of o(1)?
4
Let u be (-339)/11 - (-24)/(-132). Let y = -15 - u. What is the units digit of y?
6
Let a(v) = -v**3 - 7*v**2 - 11*v - 2. What is the tens digit of a(-6)?
2
Let y(a) = -a + 2. Suppose 8*w = -5*m + 4*w - 8, 0 = -m - 2*w + 2. What is the units digit of y(m)?
6
Suppose -4*x + 2*x = -5*g - 25, -2*g - 10 = 5*x. Suppose -4*q + x*q = -12. What is the units digit of q?
3
Let u = -38 + 57. What is the tens digit of u?
1
Let a be 30/35*(-1 - -8). Let j(z) = -z + 12. Let l be j(a). What is the tens digit of 2/l*-1*-51?
1
Let p(f) = -14*f + 1. What is the tens digit of p(-1)?
1
Let u = 161 + -96. What is the tens digit of u?
6
Suppose 2*l + 36 = -l. Let a be (-2)/6 - l/9. What is the units digit of a/(1 + 0/2)?
1
What is the units digit of 4/(-6) + 705/45?
5
Let p = -39 - -66. What is the units digit of p?
7
Suppose 4*k - 5*k + 3 = 0. Suppose 1 + k = n. Suppose -n*m + 2*o + 21 = o, 2*m = 4*o + 28. What is the units digit of m?
4
Let r(g) = -g**2 - 6*g - 4. Let h be r(-5). Let m(n) = h + 1 - 6 + n. What is the units digit of m(5)?
1
Suppose -2*i = 3*m - 204 - 281, 3*i - 753 = 4*m. What is the hundreds digit of i?
2
Suppose p + 20 = 2*y - 3*p, 5*y - 78 = -4*p. Let x = y + 0. What is the units digit of x?
4
Let b be (-5)/(5/8)*-1. Suppose -3*t + b = v - 8, 0 = -t + 3*v + 2. What is the units digit of t?
5
Let i(g) = -13*g - 10. What is the units digit of i(-9)?
7
Suppose 3*y + h = 2*h + 95, 0 = -y - 3*h + 25. What is the tens digit of y?
3
Let y(j) = 25*j**2 + j. What is the tens digit of y(-1)?
2
Suppose 7*o - 2*o = 15. Let s(a) = a**2 - 5*a - 3. Let g be s(6). Suppose w - 5*d = -o*d - g, 24 = 3*w + 5*d. What is the units digit of w?
3
Let u(k) = -k**3 - 9*k**2 + 5. Let s be u(-9). Suppose p - 15 = -s*z, -2*z - 5*p + 2*p = -6. What is the units digit of z?
3
Let f be 5/(-10) - (-1)/2. Suppose f = -q - 2 + 6. What is the u